{"id":937,"date":"2016-03-30T14:04:58","date_gmt":"2016-03-30T12:04:58","guid":{"rendered":"http:\/\/www.xpablo.cz\/?page_id=937"},"modified":"2016-03-30T14:04:58","modified_gmt":"2016-03-30T12:04:58","slug":"kontakt","status":"publish","type":"page","link":"https:\/\/www.xpablo.cz\/?page_id=937","title":{"rendered":"Kontakt"},"content":{"rendered":"<h1>&#8230; aneb &#8222;Ptejte se m\u011b, na co chcete, j\u00e1, na co chci, odpov\u00edm&#8220;<\/h1>\n<p>mailov\u00e1 adresa pro p\u0159ipom\u00ednky a dotazy je Pablo@xpablo.cz<\/p>\n","protected":false},"excerpt":{"rendered":"<p>&#8230; aneb &#8222;Ptejte se m\u011b, na co chcete, j\u00e1, na co chci, odpov\u00edm&#8220; mailov\u00e1 adresa pro p\u0159ipom\u00ednky a dotazy je Pablo@xpablo.cz<\/p>\n","protected":false},"author":1,"featured_media":0,"parent":0,"menu_order":0,"comment_status":"closed","ping_status":"closed","template":"","meta":{"ngg_post_thumbnail":0,"footnotes":""},"class_list":["post-937","page","type-page","status-publish","hentry"],"_links":{"self":[{"href":"https:\/\/www.xpablo.cz\/index.php?rest_route=\/wp\/v2\/pages\/937","targetHints":{"allow":["GET"]}}],"collection":[{"href":"https:\/\/www.xpablo.cz\/index.php?rest_route=\/wp\/v2\/pages"}],"about":[{"href":"https:\/\/www.xpablo.cz\/index.php?rest_route=\/wp\/v2\/types\/page"}],"author":[{"embeddable":true,"href":"https:\/\/www.xpablo.cz\/index.php?rest_route=\/wp\/v2\/users\/1"}],"replies":[{"embeddable":true,"href":"https:\/\/www.xpablo.cz\/index.php?rest_route=%2Fwp%2Fv2%2Fcomments&post=937"}],"version-history":[{"count":1,"href":"https:\/\/www.xpablo.cz\/index.php?rest_route=\/wp\/v2\/pages\/937\/revisions"}],"predecessor-version":[{"id":938,"href":"https:\/\/www.xpablo.cz\/index.php?rest_route=\/wp\/v2\/pages\/937\/revisions\/938"}],"wp:attachment":[{"href":"https:\/\/www.xpablo.cz\/index.php?rest_route=%2Fwp%2Fv2%2Fmedia&parent=937"}],"curies":[{"name":"wp","href":"https:\/\/api.w.org\/{rel}","templated":true}]}}